mmon divisor of o and l.
1
Let w(y) = -y**2 + 4*y + 1. Let t be w(6). Let f be (-30)/60 - t/2. What is the highest common divisor of f and 2?
1
Suppose -9*y = -5*y - 480. Suppose 5*h - y = -0*h. Let m = 3 - -3. What is the greatest common factor of m and h?
6
Let w(s) = -45*s - 166. Let a be w(-5). Calculate the highest common factor of 767 and a.
59
Let f be (-12 - 0)*82/(-6). What is the highest common factor of f and 123?
41
Suppose 3*f - 4*k = 43, 4*k - 125 = -0*f - 5*f. Let m = -9 - -18. What is the highest common divisor of f and m?
3
Suppose -g + 5*v + 30 = 0, 4*g - 14 = v + 11. Let x(c) = 15*c - 12. Let f be x(g). Calculate the highest common divisor of f and 7.
7
Suppose -1235 = -5*l + 4*c, -l + c - 1210 = -6*l. Calculate the greatest common factor of l and 81.
81
Let l be (-161)/46*128/(-14). What is the greatest common factor of l and 16?
16
Let n = -60 + 164. Let g = n - 13. Calculate the highest common factor of g and 13.
13
Let j be -1 + (-236)/(-18) - 3/27. Calculate the highest common divisor of j and 42.
6
Suppose 4*v = 4*k + 12, -3*v - 7*k + 2*k = -25. What is the highest common divisor of v and 10?
5
Let c = 1284 - 1274. Calculate the highest common factor of 160 and c.
10
Let x be ((-22)/8 + -1)/((-6)/16). Suppose -8*r + 214 = -x. Let v be 636/9 + (-4)/6. What is the highest common divisor of v and r?
14
Let u(d) be the second derivative of -d**4/12 - 7*d**3/3 - 9*d**2/2 - 14*d. Let l be u(-12). What is the highest common factor of l and 3?
3
Let u = -54 - -87. Let k be -2*(15/6 + 0). Let q be -1*1*(k - -2). Calculate the highest common factor of q and u.
3
Let d be 4/((-8)/(-246))*9/27. What is the highest common factor of d and 41?
41
Let u(j) = 28*j + 22. Let d be u(-8). Let w = d + 334. What is the highest common divisor of w and 12?
12
Let v be (-1)/(-1 + 208/212) + 2. Calculate the greatest common divisor of 22 and v.
11
Let w(y) = -y + 5. Suppose 0 = 2*a - 8 - 0. Let z = a - 15. Let f be w(z). Calculate the greatest common factor of 4 and f.
4
Suppose 2*w + 13 - 3 = 0, -4*r = -2*w - 486. What is the highest common factor of r and 187?
17
Suppose c + 3*f - 6 = 0, -2 = -c - 5*f + 4. Let p(h) = -3*h**2 + 18*h + 3. Let q be p(c). What is the greatest common divisor of q and 24?
3
Let k be 417/4 - (-12)/16. Calculate the highest common divisor of k and 42.
21
Suppose -3*p - 2*p = -50. Suppose -1441 = -17*t - 591. What is the highest common divisor of t and p?
10
Let h = -252 - -268. Calculate the highest common factor of h and 144.
16
Let k = -23 - -27. Let f(t) = 3*t**3 - 4*t**2 + t - 7. Let a be f(k). Suppose w - 25 = -0*w. Calculate the greatest common factor of w and a.
25
Let h be 7 - (3 + -4 + 2). Suppose -5*m + h*m = 122. Suppose 3*d + 21 = -2*u + m, u = 4*d - 142. Calculate the greatest common divisor of 7 and d.
7
Let x = 42 + 32. Suppose -3*t - 4*q + x = 0, 0*q - 56 = -2*t - 4*q. Calculate the highest common factor of 30 and t.
6
Suppose 3 = 4*o - 5*p, 10 = -2*o + 4*p + 4. Let n(i) = 29*i**2 - 11*i + 10. Let s be n(1). What is the highest common divisor of s and o?
7
Suppose 0 = f - 2*f - 2. Let z(s) = s**3 + 7*s**2 + s + 10. Let h be z(-7). Let b be 26 - h*f/(-6). What is the highest common divisor of b and 25?
25
Let n = -393 + 418. What is the highest common factor of n and 900?
25
Let g = -29 - -359. What is the greatest common divisor of g and 90?
30
Suppose -2*v = 2*v - 272. Let n = -44 + v. Calculate the greatest common factor of 24 and n.
24
Let z = 105 - 63. Suppose -4 = -l - 4*k, -3*l - 9 = 5*k - z. Calculate the greatest common factor of 144 and l.
16
Suppose -3*o + 0*o = 0. Suppose -j + o*j = -39. Let n(u) = u + 13. Let l be n(0). Calculate the highest common divisor of j and l.
13
Let y be 259/(-49) - -5 - 382/(-14). Let v be (-1)/((-4)/(-12)) + (y - -1). Calculate the highest common factor of v and 10.
5
Let u(d) = -d**3 - 5*d**2 + 3*d - 1. Let g be u(-5). Let o = 22 + g. What is the highest common divisor of o and 54?
6
Suppose 2*g + 13 = 2*b - 7*b, 4*g - 3*b = 13. Suppose -53 + 36 = -17*d. Let q be -4 + g - (d + -156). What is the greatest common factor of 19 and q?
19
Suppose -33 = -10*u + 7*u. Let d = 17 + u. Calculate the highest common factor of d and 14.
14
Let q = 25 - 17. Suppose -q*d = -3*d - 880. Suppose b - 2*b + d = 0. What is the greatest common divisor of b and 22?
22
Let z = -129 + 67. Let v = -35 - z. Calculate the highest common factor of 54 and v.
27
Suppose -3*g + 4*k + 37 = 0, k - 4*k = 4*g - 16. Suppose -132 = 3*i - g*i. What is the highest common divisor of 55 and i?
11
Let k = 800 + -510. Calculate the greatest common factor of k and 174.
58
Let o be -14*-1*7*11/22. Let b be -3 + ((-3)/6 - o/(-2)). What is the highest common divisor of 7 and b?
7
Let g = 170 - 168. Calculate the highest common factor of g and 34.
2
Suppose -3*d = -7*d + 16, 586 = -2*p + 5*d. Let w = 670 - 1140. Let y = p - w. What is the highest common factor of 17 and y?
17
Let f(q) = 7*q - 3. Let j be f(-2). Let v = j + 20. Suppose 0 = y, -v = -c + 5*y + 4. Calculate the highest common divisor of c and 49.
7
Suppose -9*k + 11*k - 8 = 0. Suppose 77 = -k*a + 197. What is the greatest common factor of a and 150?
30
Let o be 405/(-75)*(2 + (-22)/6). Calculate the greatest common factor of 27 and o.
9
Let h = -46 + 66. What is the highest common factor of h and 30?
10
Let j be (-1 - -2)/((-7)/(-14)). Suppose -12 = -d - j*d. What is the greatest common factor of 4 and d?
4
Let f be (-828)/(-10)*-4*65/(-104). Suppose -2*q - 4*v + 2*v = -40, -3*q - v = -66. What is the greatest common factor of q and f?
23
Let m = 33 + 19. Suppose m = 5*j - j. Calculate the highest common divisor of j and 52.
13
Let g(w) = 4*w + 1. Let o(z) = z - 7. Let f be o(8). Let s be g(f). Suppose -v = 5*m - 274, m - 5*m = -5*v - 225. What is the greatest common factor of s and m?
5
Suppose -16 = 4*z, 12 = f - z - 46. Suppose -6*k + f = -4*k. What is the greatest common factor of k and 3?
3
Let v(w) = -47*w - 29. Let u be v(-6). Calculate the highest common divisor of 23 and u.
23
Suppose 3*u = 8*c - 13*c + 65, -3*c - 56 = -2*u. Calculate the greatest common divisor of u and 445.
5
Let k = 487 - 755. Let a = k + 380. What is the highest common factor of a and 14?
14
Suppose 0 = -11*k + 27*k - 4864. Calculate the highest common factor of k and 8.
8
Suppose -4*q + 8 = -8, 2*d - 266 = -4*q. Suppose -75 = -2*s + d. What is the greatest common divisor of s and 25?
25
Suppose 3*v - v = 2. Let j(x) = -6*x + 2. Let r(n) = -18*n + 6. Let u(s) = -14*j(s) + 5*r(s). Let o be u(-1). What is the highest common divisor of v and o?
1
Suppose -4*j = 3*z + 59, 4*j - 4*z + 13 = j. Let d be 4/22 - 152/j. What is the highest common divisor of d and 56?
14
Suppose -10*d = 8*d - 18. Suppose a - d = 2. Let r = 9 - -6. What is the greatest common factor of r and a?
3
Let g be 432/20 - (-6)/15. What is the highest common divisor of g and 2134?
22
Let l = 10 - 6. Suppose -66*o + 64*o + 32 = 0. Calculate the greatest common factor of l and o.
4
Let z be (-9)/21 + (53638/91 - 5). Calculate the greatest common factor of z and 8.
8
Let z = 231 - 135. Calculate the highest common factor of z and 4.
4
Let z(r) be the third derivative of 0*r + 1/3*r**3 - 2*r**2 + 0 + 1/12*r**4. Let c be z(10). Calculate the highest common divisor of c and 242.
22
Let z be (-8)/(-4)*(-20)/(-2). Let s be 7 + ((43 - -2)/(-5))/(-3). What is the highest common divisor of z and s?
10
Let h(r) = -r**2 + 9*r - 9. Let a be h(7). Suppose -76 = -5*o + 2*m + 74, -5*o + a*m + 165 = 0. Calculate the highest common divisor of 4 and o.
4
Suppose 540 = 4*h - 0*h. Calculate the highest common divisor of 90 and h.
45
Let v be (-118 - 2)*(-22)/22. Calculate the greatest common factor of 48 and v.
24
Let h be (4 + 9/(-3))*2. Suppose h*m + 16 - 48 = 0. Suppose -180 = -l + 4*q, -2*q = l + 3*q - 171. Calculate the highest common factor of m and l.
16
Let d = -45 - -81. Let b = 590 + -581. Calculate the greatest common factor of d and b.
9
Let m be 4*3/4*1. Suppose f - m*s = -7 + 1, 3*f - 42 = -3*s. Suppose 14*g = 16*g - 162. Calculate the highest common factor of f and g.
9
Let t be (-176)/12 - 2/6. Let q = t - -6. Let s = 4 - q. What is the greatest common factor of s and 143?
13
Let q(c) = c**3 - 18*c**2 + 3